{"id":100,"date":"2024-10-14T11:48:19","date_gmt":"2024-10-14T09:48:19","guid":{"rendered":"https:\/\/wgs.ckziu1.gda.pl\/?page_id=100"},"modified":"2026-01-16T10:10:40","modified_gmt":"2026-01-16T09:10:40","slug":"program-doradztwa-zawodowego","status":"publish","type":"page","link":"https:\/\/wgs.ckziu1.gda.pl\/index.php\/program-doradztwa-zawodowego\/","title":{"rendered":"Program doradztwa zawodowego"},"content":{"rendered":"\n<div class=\"wp-block-group is-layout-grid wp-container-core-group-is-layout-9649a0d9 wp-block-group-is-layout-grid\">\n<figure class=\"wp-block-gallery has-nested-images columns-default is-cropped wp-block-gallery-1 is-layout-flex wp-block-gallery-is-layout-flex\">\n<figure class=\"wp-block-image size-large\"><img loading=\"lazy\" decoding=\"async\" width=\"1024\" height=\"1024\" data-id=\"287\" src=\"https:\/\/wgs.ckziu1.gda.pl\/wp-content\/uploads\/2024\/10\/QRCode-doradcy-zawodowi-1024x1024.png\" alt=\"\" class=\"wp-image-287\" srcset=\"https:\/\/wgs.ckziu1.gda.pl\/wp-content\/uploads\/2024\/10\/QRCode-doradcy-zawodowi-1024x1024.png 1024w, https:\/\/wgs.ckziu1.gda.pl\/wp-content\/uploads\/2024\/10\/QRCode-doradcy-zawodowi-300x300.png 300w, https:\/\/wgs.ckziu1.gda.pl\/wp-content\/uploads\/2024\/10\/QRCode-doradcy-zawodowi-150x150.png 150w, https:\/\/wgs.ckziu1.gda.pl\/wp-content\/uploads\/2024\/10\/QRCode-doradcy-zawodowi-768x768.png 768w, https:\/\/wgs.ckziu1.gda.pl\/wp-content\/uploads\/2024\/10\/QRCode-doradcy-zawodowi-1536x1536.png 1536w, https:\/\/wgs.ckziu1.gda.pl\/wp-content\/uploads\/2024\/10\/QRCode-doradcy-zawodowi.png 1890w\" sizes=\"auto, (max-width: 1024px) 100vw, 1024px\" \/><\/figure>\n<\/figure>\n\n\n\n<p class=\"has-black-color has-text-color has-link-color wp-elements-943d2b6607fbc83882bbc5568b5f465c wp-container-content-5f80b302\"><strong>FORMULARZ ZG\u0141OSZENIOWY  &#8211; PROGRAM DORADZTWA ZAWODOWEGO<\/strong> dla<br><br> &#8211; doradc\u00f3w \/ doradczy\u0144 zawodowych stanowi\u0105cych kadr\u0119 szk\u00f3\u0142 bior\u0105cych udzia\u0142 w projekcie<br><br> Wype\u0142nij formularz zg\u0142oszeniowy:<strong> <a href=\"https:\/\/forms.office.com\/e\/wEMGGUhCE8\">https:\/\/forms.office.com\/e\/wEMGGUhCE8<\/a><\/strong><\/p>\n\n\n\n<p><\/p>\n<\/div>\n\n\n\n<p class=\"has-text-align-right\"><\/p>\n\n\n\n<div class=\"wp-block-group is-layout-grid wp-container-core-group-is-layout-9649a0d9 wp-block-group-is-layout-grid\">\n<figure class=\"wp-block-image size-full\"><img loading=\"lazy\" decoding=\"async\" width=\"1025\" height=\"1084\" src=\"https:\/\/wgs.ckziu1.gda.pl\/wp-content\/uploads\/2025\/10\/szkolenia_20251015_175539_0000-1.png\" alt=\"\" class=\"wp-image-580\" srcset=\"https:\/\/wgs.ckziu1.gda.pl\/wp-content\/uploads\/2025\/10\/szkolenia_20251015_175539_0000-1.png 1025w, https:\/\/wgs.ckziu1.gda.pl\/wp-content\/uploads\/2025\/10\/szkolenia_20251015_175539_0000-1-284x300.png 284w\" sizes=\"auto, (max-width: 1025px) 100vw, 1025px\" \/><\/figure>\n\n\n\n<p class=\"has-black-color has-text-color has-link-color wp-elements-83bd5a271f0f8001c8d542ac32bb3c63 wp-container-content-5f80b302\"><strong>FORMULARZ ZG\u0141OSZENIOWY  &#8211;  SZKOLENIA DLA DORADC\u00d3W ZAWODOWYCH<\/strong> dla<br><br>&#8211; doradczy\u0144\/doradc\u00f3w zawodowych stanowi\u0105cych kadr\u0119 szk\u00f3\u0142 bior\u0105cych udzia\u0142 w projekcie<br><br> Wype\u0142nij formularz zg\u0142oszeniowy:<strong> <\/strong><a href=\"https:\/\/forms.office.com\/e\/wfu3aWPJhh\"><strong>https:\/\/forms.office.com\/e\/wfu3aWPJhh<\/strong><\/a><\/p>\n<\/div>\n\n\n\n<div class=\"wp-block-group is-layout-grid wp-container-core-group-is-layout-9649a0d9 wp-block-group-is-layout-grid\"><\/div>\n\n\n\n<p><\/p>\n\n\n\n<div class=\"wp-block-group is-layout-grid wp-container-core-group-is-layout-9649a0d9 wp-block-group-is-layout-grid\">\n<figure class=\"wp-block-gallery has-nested-images columns-default is-cropped wp-block-gallery-2 is-layout-flex wp-block-gallery-is-layout-flex\">\n<figure class=\"wp-block-image size-large\"><img loading=\"lazy\" decoding=\"async\" width=\"988\" height=\"1024\" data-id=\"599\" src=\"https:\/\/wgs.ckziu1.gda.pl\/wp-content\/uploads\/2026\/01\/QRCode-dla-FORMULARZ-ZGLOSZENIOWY-wsparcie-uczniow_uczennic-w-ramach-Programu-Doradztwa-1-1-988x1024.jpg\" alt=\"\" class=\"wp-image-599\" srcset=\"https:\/\/wgs.ckziu1.gda.pl\/wp-content\/uploads\/2026\/01\/QRCode-dla-FORMULARZ-ZGLOSZENIOWY-wsparcie-uczniow_uczennic-w-ramach-Programu-Doradztwa-1-1-988x1024.jpg 988w, https:\/\/wgs.ckziu1.gda.pl\/wp-content\/uploads\/2026\/01\/QRCode-dla-FORMULARZ-ZGLOSZENIOWY-wsparcie-uczniow_uczennic-w-ramach-Programu-Doradztwa-1-1-289x300.jpg 289w, https:\/\/wgs.ckziu1.gda.pl\/wp-content\/uploads\/2026\/01\/QRCode-dla-FORMULARZ-ZGLOSZENIOWY-wsparcie-uczniow_uczennic-w-ramach-Programu-Doradztwa-1-1-768x796.jpg 768w, https:\/\/wgs.ckziu1.gda.pl\/wp-content\/uploads\/2026\/01\/QRCode-dla-FORMULARZ-ZGLOSZENIOWY-wsparcie-uczniow_uczennic-w-ramach-Programu-Doradztwa-1-1-1482x1536.jpg 1482w, https:\/\/wgs.ckziu1.gda.pl\/wp-content\/uploads\/2026\/01\/QRCode-dla-FORMULARZ-ZGLOSZENIOWY-wsparcie-uczniow_uczennic-w-ramach-Programu-Doradztwa-1-1.jpg 1757w\" sizes=\"auto, (max-width: 988px) 100vw, 988px\" \/><\/figure>\n<\/figure>\n\n\n\n<p class=\"has-black-color has-text-color has-link-color wp-elements-840675cc3065416a3ffa628da7e79953 wp-container-content-5f80b302\"><strong>FORMULARZ ZG\u0141OSZENIOWY &#8211; <\/strong>konsultacje \/ zaj\u0119cia indywidualne w ramach Programu Doradztwa Zawodowego dla<br><br>&#8211;  uczni\u00f3w i uczennic bior\u0105cych udzia\u0142 w Programie Doradztwa Zawodowego<br><br> Wype\u0142nij formularz zg\u0142oszeniowy:<a href=\"https:\/\/forms.office.com\/e\/wfu3aWPJhh\"><strong>  <\/strong><\/a><a href=\"https:\/\/forms.office.com\/e\/ydfcPqWAb3\"><strong>https:\/\/forms.office.com\/e\/ydfcPqWAb3<\/strong><\/a><\/p>\n\n\n\n<p class=\"wp-container-content-5f80b302\"><\/p>\n<\/div>\n\n\n\n<p><\/p>\n","protected":false},"excerpt":{"rendered":"<p>FORMULARZ ZG\u0141OSZENIOWY &#8211; PROGRAM DORADZTWA ZAWODOWEGO dla &#8211; doradc\u00f3w \/ doradczy\u0144 zawodowych stanowi\u0105cych kadr\u0119 szk\u00f3\u0142 bior\u0105cych udzia\u0142 w projekcie Wype\u0142nij formularz zg\u0142oszeniowy: https:\/\/forms.office.com\/e\/wEMGGUhCE8 FORMULARZ ZG\u0141OSZENIOWY &#8211; SZKOLENIA DLA DORADC\u00d3W ZAWODOWYCH dla &#8211; doradczy\u0144\/doradc\u00f3w zawodowych stanowi\u0105cych kadr\u0119 szk\u00f3\u0142 bior\u0105cych udzia\u0142 w projekcie Wype\u0142nij formularz zg\u0142oszeniowy: https:\/\/forms.office.com\/e\/wfu3aWPJhh [&hellip;]<\/p>\n","protected":false},"author":1,"featured_media":0,"parent":0,"menu_order":0,"comment_status":"closed","ping_status":"closed","template":"","meta":{"footnotes":""},"class_list":["post-100","page","type-page","status-publish","hentry"],"_links":{"self":[{"href":"https:\/\/wgs.ckziu1.gda.pl\/index.php\/wp-json\/wp\/v2\/pages\/100","targetHints":{"allow":["GET"]}}],"collection":[{"href":"https:\/\/wgs.ckziu1.gda.pl\/index.php\/wp-json\/wp\/v2\/pages"}],"about":[{"href":"https:\/\/wgs.ckziu1.gda.pl\/index.php\/wp-json\/wp\/v2\/types\/page"}],"author":[{"embeddable":true,"href":"https:\/\/wgs.ckziu1.gda.pl\/index.php\/wp-json\/wp\/v2\/users\/1"}],"replies":[{"embeddable":true,"href":"https:\/\/wgs.ckziu1.gda.pl\/index.php\/wp-json\/wp\/v2\/comments?post=100"}],"version-history":[{"count":20,"href":"https:\/\/wgs.ckziu1.gda.pl\/index.php\/wp-json\/wp\/v2\/pages\/100\/revisions"}],"predecessor-version":[{"id":602,"href":"https:\/\/wgs.ckziu1.gda.pl\/index.php\/wp-json\/wp\/v2\/pages\/100\/revisions\/602"}],"wp:attachment":[{"href":"https:\/\/wgs.ckziu1.gda.pl\/index.php\/wp-json\/wp\/v2\/media?parent=100"}],"curies":[{"name":"wp","href":"https:\/\/api.w.org\/{rel}","templated":true}]}}